 - (1 - (90 + 0)).
89
Suppose 8*n - 1313 + 433 = 0. List the prime factors of n.
2, 5, 11
Suppose 13*d + 192 = 17*d. Let b(u) = -u + 4. Let s be b(2). What are the prime factors of ((d - s) + -2)/2?
2, 11
Let g(o) = -o**3 - o**2 + o - 8. Let l be g(0). Let z = -2 - l. Suppose z*r - 2*r = 16. What are the prime factors of r?
2
Let y(o) = 2*o**2 + 3*o + 0*o**2 + 2 - 2*o**3 - 3*o**2. Let g be y(-3). Suppose 5*d + 0*s - 3*s - 33 = 0, 0 = 2*d + 5*s - g. List the prime factors of d.
3
Suppose 0 = b - 5*b + 3*y + 39, -5*y - 25 = 0. Suppose 2 = -2*l - 4*i, 4*i = 3*l + 2 + 21. Let o = b - l. What are the prime factors of o?
11
Let y(l) = 1. Let j(t) = -27*t - 5. Let x(o) = -j(o) - 3*y(o). List the prime factors of x(2).
2, 7
Suppose -t - 126 = -3*t. List the prime factors of t.
3, 7
Let i be (-54)/(-9)*(-2)/(-4). Suppose -1 = -f + i, -r - 2*f = -20. What are the prime factors of r?
2, 3
Suppose -3*x + 14 = 4*r, -4*x + 2*r = -0 - 4. Suppose -x*v - 2 = -h - 6, -5*h + 4 = 2*v. What are the prime factors of v?
2
Let s = -14 + 20. Suppose -3*m - 12 = -s*m. Suppose 12 = 2*f - 2*l + 2, -2*l + m = 0. What are the prime factors of f?
7
Let n(x) = -x**3 - 5*x**2 + 6*x + 5. Let u be n(-6). Suppose 2*q = -2 + 6. Suppose 5*d - 80 = u*k, 5*k + 0*k = -q*d - 3. What are the prime factors of d?
11
Let l(k) = k**3 + k**2 - k. Let i be l(0). List the prime factors of (i - -1) + 2 + 24.
3
Let q be (-1)/2 - (-7)/14. Suppose q = -0*z - 5*z + 35. List the prime factors of z.
7
Let o(i) = i**3 - 9*i**2 + 8*i + 4. Let p be o(8). Suppose -4*b + t + p*t = -8, 4*b - 48 = -5*t. What are the prime factors of b?
7
Let d(c) = -c**3 + 5*c**2 + 8*c - 3. Let b be (-2)/3 - (-120)/18. What are the prime factors of d(b)?
3
Let h be (-207)/(-27) + 4/(-6). Let w = h - 3. Let k = w - -12. List the prime factors of k.
2
Suppose -44 = -m + 9. Let z = m - 19. Suppose 5*o + 3*b = 2*b + z, 4*o - 4*b = 8. List the prime factors of o.
2, 3
Suppose 5*a + 2*p = 0, 0 = -3*a + p - 6 + 17. Suppose -a*g + 31 + 21 = 0. What are the prime factors of g?
2, 13
Suppose 0 = 3*s - 5*j - 142, -3*s = -0*s - 3*j - 138. Suppose 0 = -2*z + 6*z - s. List the prime factors of z.
11
Suppose -t + 7 = -4*v, -2*t - 5*v - 8 = 4. Let u = t - -7. List the prime factors of u.
2, 3
Let c(p) = 15*p + 11. What are the prime factors of c(3)?
2, 7
What are the prime factors of (3/2)/(6/104)?
2, 13
Let k = 13 + -9. Let c(v) = -v + 4. Let j be c(k). Suppose j = 3*w - 36. What are the prime factors of w?
2, 3
Let q = 91 + -56. What are the prime factors of q?
5, 7
Suppose -5*k + 3*k + 444 = 0. List the prime factors of k.
2, 3, 37
Let x be (5*3)/(3/6). Suppose -2*t - 27 = -4*t - 5*y, -4*t - 2*y + x = 0. List the prime factors of 3*4/(8/t).
3
Let g = 148 + -96. Let i = g - 36. Suppose -i = -5*r + 14. List the prime factors of r.
2, 3
Suppose 4*r + 3 = -5*u, -2*r - 3*r + 2*u - 45 = 0. List the prime factors of r/((-1)/((-1)/(-1))).
7
Let v(t) = -t + 4 - 7 - 6. Let w be v(-9). Suppose 0*b + b - 8 = w. What are the prime factors of b?
2
What are the prime factors of 16/(-12)*(-69)/2?
2, 23
Let x = -34 - -47. What are the prime factors of x?
13
Let b = -6 - -7. List the prime factors of -4*(-2*b)/2.
2
Let a(d) be the first derivative of 7*d**2/2 - d - 1. What are the prime factors of a(2)?
13
Suppose -3*s = 3*o - 114, 3*s + s = -3*o + 109. What are the prime factors of o?
43
Suppose 2*o = -8, 0 = -2*a - 0*a - 5*o - 12. Let d(n) = n + 1. Let k(x) = -8*x + 1. Let i(y) = -5*d(y) - k(y). What are the prime factors of i(a)?
2, 3
Let m(d) = 4*d**2 - 3*d + 4*d**3 - 4 - 5*d**3 - 14*d**2. List the prime factors of m(-10).
2, 13
What are the prime factors of (12/1)/(-3) + 69?
5, 13
Suppose -p - 8 = 1. Let i(z) = z**2 + 7*z - 9. What are the prime factors of i(p)?
3
Suppose -4*j + 0*q + 12 = -q, 5*q = j - 3. Suppose -u + 5*g + 57 = 0, 4*u + g - 45 = j*u. List the prime factors of u.
47
Let f(m) = 3*m**2 + 9*m - 1. What are the prime factors of f(-7)?
83
Suppose -58 = 5*z - 208. Suppose 15 + z = 5*u. List the prime factors of u.
3
Let i = 13 + -9. Suppose 5 = g - i*n, 2*g = -g - 2*n + 15. Suppose -g*z + 0*h - h + 64 = 0, -h - 56 = -5*z. List the prime factors of z.
2, 3
Let s(q) = q**2 - 4*q + 9. Let x be s(9). Suppose 2*i - x = 78. Suppose -30 = -3*d + 3*j, i = 5*d + 3*j + 8. What are the prime factors of d?
11
Let x(n) = n**3 + 4*n**2 - 7*n - 7. Let h be x(-5). Let k = 23 + -35. List the prime factors of ((-6)/4)/(h/k).
2, 3
Let t = 8 + -3. Suppose -4*l + 11 = -t. What are the prime factors of l?
2
Let x(u) = 2*u - 12. Let d be x(5). Let m = 42 + -25. Let g = m + d. List the prime factors of g.
3, 5
Let z be ((-9)/(-3))/(6/(-8)). Let a = z + -2. What are the prime factors of 1/(-6) + (-73)/a?
2, 3
Let r(s) = -4*s**3 - 3*s**2 + 2. Let b be r(-2). List the prime factors of (b - 7) + 0 + 1.
2
What are the prime factors of (4 + 0)/(30/345)?
2, 23
Let g(o) = -o**3 - o**2 - o + 4. Let d be g(0). Suppose 0 = 3*y - 5*f - 28, 2 = d*y - 3*y + 2*f. What are the prime factors of y?
2, 3
Let a be 6/10*3*5. Let b be (-6)/a*3/2. List the prime factors of (-1)/b - (-11 + 1).
11
Let m(y) = -2*y + 1. Let d be m(-3). Suppose -d + 25 = p. List the prime factors of p.
2, 3
Let k(u) = -2*u**2 + 2*u + 2. Let p be k(2). Let v be -10*p*1/(-4). What are the prime factors of 1/(((-15)/12)/v)?
2
Let y(q) be the second derivative of q**4/6 + q**3/6 - q**2 - 16*q. Let o = 5 + -8. What are the prime factors of y(o)?
13
Suppose -3*d = 6*d - 450. What are the prime factors of d?
2, 5
Suppose 3*h - 8 - 1 = 0. Suppose -f + 3 = -h. What are the prime factors of (-3)/6*f*-2?
2, 3
Suppose 4*m - 101 = 3*m - 3*g, 0 = 5*m - g - 441. List the prime factors of m.
89
Suppose 2*k - 54 = -0. What are the prime factors of k?
3
Let s = 24 + 3. List the prime factors of s.
3
Let x(p) = 19*p. List the prime factors of x(2).
2, 19
Let f(a) = -a**2 + 4*a + 6. Let k be f(5). Let r = k - -4. Suppose -3*x + r - 2 = 3*l, 4*l = 2*x - 26. What are the prime factors of x?
5
Let b be (-2)/8 + 114/(-24). Let l(f) = -6*f. What are the prime factors of l(b)?
2, 3, 5
Let m(o) = o**3 + 7*o**2 - 9*o - 10. Let q be (8/(-3))/1*3. Let p be m(q). Let h = 7 + p. What are the prime factors of h?
5
Let m(x) = x**2 + 4*x - 8. Let f be m(-6). Suppose d - 11 = f. List the prime factors of d.
3, 5
Suppose 0 = -4*p + 8 + 8. Suppose w - 9 + p = 0. List the prime factors of w.
5
Suppose -4*d + 20 = -5*l - d, -l = -3*d + 4. Let w be (-18)/l + 1/(-2). Suppose -7 = -5*v + 2*v + 5*m, 24 = 5*v + w*m. What are the prime factors of v?
2
Let o(x) = -x**3 - 5*x**2 + x + 4. What are the prime factors of o(-6)?
2, 17
Let o = -7 - -19. Suppose -y = 4*y. Suppose w = -y*w + o. What are the prime factors of w?
2, 3
Suppose -4*i = -4*l + 116, -4*i + 3 = 2*l + 113. Let o = -5 - i. List the prime factors of o.
23
Let a = 48 - 34. Suppose -a = -f + y, -4*y - 10 = -2*y. List the prime factors of f.
3
What are the prime factors of ((-56)/12)/((-5)/(75/2))?
5, 7
Let p(n) = n**3 - 6*n**2 + 4*n + 3. Let s be p(4). Suppose 0 = -j + 4*a + 4, 31 = 4*a + 11. Let w = j + s. List the prime factors of w.
11
Let q(v) = -v**3 - v**2 + v + 1. Let g be q(-1). Suppose g = -w + 3*f + 27, 5*w - 2*f - 31 = 39. List the prime factors of w.
2, 3
Let f(c) = -7*c - 1. Let p(x) = -8*x. Let w(a) = -7*f(a) + 6*p(a). Suppose y = -0*y + 5. List the prime factors of w(y).
2, 3
Suppose 0 = 4*h + 4*a + 12, 3*h + 2*a = -0*a - 4. Suppose 2*u + 2*u = 2*q - 26, 0 = -h*u - 4. What are the prime factors of q?
3
Let v(x) = -3*x**3 - 3*x**2 - x. Let z be -1 - (-1)/2*0. Let y be (3/(-6))/(z/(-4)). What are the prime factors of v(y)?
2, 7
Suppose -222 = -6*p + 258. What are the prime factors of p?
2, 5
What are the prime factors of (-4)/(-18) - 1706/(-18)?
5, 19
Let x(j) = 16 + 9*j - 17 - 2*j**2 + j**2. List the prime factors of x(6).
17
Suppose 0 = p + 5*p - 24. Suppose 0 = p*k - 7*k + 108. What are the prime factors of k?
2, 3
Let s(l) be the first derivative of l**4/4 + 5*l**3/3 - 4*l**2 - 4*l - 4. What are the prime factors of s(-6)?
2
List the prime factors of ((-53)/2 + (-8 - -11))*-2.
47
Let c = 83 + 11. List the prime factors of c.
2, 47
Suppose -4*p = -0*p - 120. What are the prime factors of p/(-20)*28/(-6)?
7
Let s = 0 - -5. Suppose -3 = s*x + 7. List the prime factors of